**4/3 - u**3/3 + u**2. Let s = -147 + 149. What is the units digit of c(s)?
4
Let h = 7 + -3. Suppose 15 = a + h*a. What is the units digit of a?
3
Suppose -10*v = -6*v - 136. What is the tens digit of v?
3
Let b = 15 + -13. Suppose 26 = 2*t + 3*w, -6 = w + b*w. What is the tens digit of t?
1
Suppose -8*s - 4 = -9*s. Let g(r) = r**3 - 4*r**2 + 2*r. What is the units digit of g(s)?
8
Suppose 5 = 5*w + x - 6*x, -5*w - 2*x - 2 = 0. Let m be -36*(w - 3/6). What is the units digit of 58/m + 2/(-9)?
3
Let g be (8 - (-3 + 3)) + -3. Suppose -g*d + 4 = -j, 0 = 2*j + 3*j + d - 84. What is the units digit of j?
6
Suppose 4*o = y + 15, -2*y - 9 = o + 2*y. Suppose -o*c = -77 + 23. What is the units digit of c?
8
Let j = -3 - -5. Suppose 3*n - 3*q = -j*q + 65, -3*q - 107 = -5*n. What is the tens digit of n?
2
Suppose 2 - 8 = -2*c. Suppose 0*q - c = -3*q. Suppose -2*d = -q - 1. What is the units digit of d?
1
Suppose 0*f + 2*f = -w + 1, 3*w = f + 10. Let p be 4 + (w + 0)/(-3). Suppose -p*a = -3*l + a - 3, 3*a - 9 = 0. What is the units digit of l?
3
Let c(v) = -v**2 + 7*v + 3. What is the units digit of c(6)?
9
Suppose -5 = -q, -142 = -x - 6*q + 2*q. What is the units digit of x?
2
Let m be (2*-1)/((-1)/(-2)). What is the units digit of 8/(-6)*18/m?
6
Let s(r) = 5*r + 11. Let h(y) = y. Let n(u) = 3*h(u) - s(u). What is the units digit of n(-9)?
7
Suppose 0 = -3*i - 2*i - 65. Let t = i - -7. What is the units digit of (-5)/(15/t) - 1?
1
Suppose 99 = 5*c + z - 80, -62 = -2*c + 2*z. What is the units digit of c?
5
Let d be (0/(-1 + 2))/(-2). Suppose u - 2*u + 3 = d. Suppose 0 = -u*q + 2 + 19. What is the units digit of q?
7
Let l(q) = q**2 - 8*q + 9. Let u be l(6). Let s be (u + (-22)/(-6))*183. What is the units digit of (-6)/(-21) - s/(-14)?
9
Let u(p) = -p**2 - 9*p + 7. Let o(a) = -2*a + 4. Let d be o(6). What is the tens digit of u(d)?
1
Let w(h) = -3*h + 1. Let i be w(-1). Suppose -f + 3*f - 38 = d, -i*f + 3*d = -80. What is the units digit of f?
7
Let q be 8 + 4*(-2)/(-4). Suppose 2*n - 8 = k, -5*k + q*k = 3*n - 40. Let o = 8 - k. What is the tens digit of o?
1
Let h = 127 - -17. Suppose h = 3*v + n, 2*v + 144 = 5*v - 2*n. What is the units digit of v?
8
Suppose 3*m - 4*w - 55 = 27, w + 105 = 4*m. What is the units digit of m?
6
Let a be (-7)/21 - (-11)/(-3). Let h = 0 - a. Suppose -h*z + 29 = -39. What is the units digit of z?
7
Suppose 0 = -0*m - 2*m + 8. Suppose 12 + 4 = -m*t. What is the units digit of (-39)/t + 1/4?
0
Suppose -47 + 138 = f. Let g = f - 50. Suppose 4*n = 3*h - 23, -h - 5*n - 8 = -g. What is the tens digit of h?
1
Let v = 8 + 22. What is the tens digit of v?
3
Let q(d) = -d**2 + 14. Let a be q(0). Let r(n) = -n + 23. What is the units digit of r(a)?
9
Let z = 223 - 151. What is the units digit of z?
2
Let t(z) = z**3 - 8*z**2 + 7*z + 7. What is the units digit of t(7)?
7
Let y = 7 - -3. Let d be 36/y + 4/10. Suppose 3*w - d*w = -7. What is the units digit of w?
7
Let c = -5 + 25. Suppose 3*w = 2*w + 29. Let s = w - c. What is the units digit of s?
9
Let l(c) = c**2 + 2*c. Let o be l(-2). Suppose o = 4*b - 2*b - 10. Suppose 0 = b*p - p - 2*g - 6, 0 = p - g + 1. What is the units digit of p?
4
Let p = 559 + -354. What is the tens digit of p?
0
Let j(l) be the first derivative of -l**3/3 - 2*l**2 - 3*l - 1. Suppose 0 = -4*p + 4*w - 12, 2*w - 10 = 3*p + p. What is the units digit of j(p)?
1
Let y(p) = 2*p**2 - 3. What is the units digit of y(4)?
9
Suppose 0*q - 564 = -4*q. What is the units digit of q?
1
Let r(l) = l - 2. Let x be r(4). Let f = 31 - 24. Suppose b + f = x*b. What is the units digit of b?
7
Suppose 0 = 2*b - 224 - 14. What is the tens digit of b?
1
Let p = 5 + -1. Suppose -3 = n, -d = -2*d + p*n + 8. What is the units digit of d/5*(-75)/10?
6
Suppose -68 = 2*c - 6*c. What is the units digit of c?
7
Suppose -97 - 99 = -4*r. What is the tens digit of r?
4
Suppose -2*m - 2 = -6. Suppose -4*x + 0*r = r - 22, -x = m*r - 9. Let q = 10 - x. What is the units digit of q?
5
Suppose -1 = 5*b - 11. What is the units digit of b?
2
Let x be 94/(-14) - (-4)/(-14). Let g = x - -14. What is the units digit of g?
7
Suppose -v + 2 = -0*v. Suppose v*a = -0*j + 2*j - 10, 4*j - 23 = a. What is the units digit of j?
6
Let h = -10 - -16. What is the units digit of h?
6
Suppose -n + 4*u - 188 = -5*n, -4*n + 2*u + 158 = 0. What is the tens digit of n?
4
Let w be (-7)/((-28)/8) + 20. Suppose 3*b - 58 = -5*k, b + 4*k = k + w. What is the tens digit of b?
1
Suppose y - 5 + 1 = 0. What is the units digit of y?
4
Let n(d) = -10*d**2 + d + 1. Let o be n(-1). Let v = 18 + o. What is the units digit of v?
8
Let m(p) = -11*p - 1. Let u be m(-1). Suppose k - 49 + u = 0. What is the tens digit of k?
3
Let r(w) = -4*w + 2. What is the units digit of r(-1)?
6
What is the units digit of (-2)/(-2*1)*(-2 + 85)?
3
Let i(y) = y**2 - 5*y + 3. Let j(o) = 3*o**2 - 10*o + 7. Let v(r) = -5*i(r) + 2*j(r). Let g be v(-8). Let l = -15 + g. What is the units digit of l?
8
Let s = 139 + -99. Suppose 3*p = -p + s. What is the tens digit of p?
1
Let g(h) = -h**2 - 6*h - 4. Let w be g(-4). Suppose -54 = -w*i - 3*p, 3*i - 4*p + p - 30 = 0. What is the units digit of 0/i + (-36)/(-2)?
8
Suppose 2*t - t = -4*c + 11, -3*c = 0. Suppose -2*v + v + t = 0. What is the units digit of v?
1
Let x = 571 - 284. What is the units digit of x?
7
Suppose -9 = y - 4, 5*i + y = 90. What is the units digit of i?
9
Suppose -3*f + 100 = -395. What is the hundreds digit of f?
1
Suppose -4*x = -15 - 9. Let i(t) = t**3 - 6*t**2. Let f be i(x). Suppose -4*n = f, 3*u + 2*n - 24 = n. What is the units digit of u?
8
Let l(o) = -2*o**3 - o**2 - 2*o - 1. Let z be l(-1). Suppose z*j - 7 = 5. Suppose -2*w + j = -12. What is the units digit of w?
9
Suppose -8*p + 12 = -2*p. Suppose p*c - 3 = -1. What is the units digit of c?
1
Let o be 752/(-4)*(-1)/4. Suppose -37 - o = -3*n. What is the tens digit of n?
2
Let d = -5 - -8. Let g = 8 - d. Suppose -g*l = -4*a + 3, 2*l - 3*l - 5*a + 11 = 0. What is the units digit of l?
1
Let i(x) = -20*x**2 + 12*x + 9. Let a(j) = 7*j**2 - 4*j - 3. Let z(t) = -17*a(t) - 6*i(t). Let y be z(3). What is the units digit of 4*(-9)/y - -1?
7
Suppose 0*k - 4 = -k. What is the units digit of k*3/((-12)/(-8))?
8
Let r = 2 - 2. Suppose r = -3*q - 2*q + 160. What is the units digit of q?
2
Let n(l) be the first derivative of -l**3/3 + 3*l**2 + 14*l + 8. What is the units digit of n(6)?
4
Let u = 44 - 31. Let f be ((-8)/5)/2*-5. Suppose 0 = -3*d + f*d - u. What is the units digit of d?
3
Let w = -19 + 83. What is the tens digit of w?
6
Let x(n) = -n - 16. What is the units digit of x(-18)?
2
Suppose 2*c + 3*g - 34 = -4, -5*c + 94 = -2*g. What is the tens digit of c?
1
Suppose 4*s - 6 = -j, 2*s + 2 = 4*j + 14. Suppose -2 = s*x + 38. What is the units digit of x/(-70) - (-122)/14?
9
Let z(v) = -v + 2. Let t be -2*1 + (3 - -1). Suppose t*y = 4*d - 26, 2 = -3*y - 3*d - 1. What is the units digit of z(y)?
7
Let b(u) = -u**3 + 7*u**2 - 7*u - 8. Let v(k) = -k**3 + 8*k**2 - 8*k - 8. Let d(m) = -3*b(m) + 2*v(m). What is the tens digit of d(5)?
3
Let j(a) = 22*a - 51. What is the units digit of j(5)?
9
Suppose 2*h - 1 = 7. Let l = 15 - h. What is the units digit of l?
1
Suppose 0 = y + 3*y - 44. Let k = y - 7. Suppose k = -x + 3*x. What is the units digit of x?
2
Let z(g) = 58*g. Let o be z(2). Let c = o - 81. What is the tens digit of c?
3
Let t = 9 + -11. What is the tens digit of 2398/99 + t/9?
2
Let i = -6 + 10. Suppose -5*r = -2*x - i*r + 8, -r - 14 = -3*x. Let z = x + 0. What is the units digit of z?
6
Suppose 3*i = 2*i - 6. Let q = i + 10. What is the units digit of q?
4
Let j = -18 + 37. What is the tens digit of j?
1
Suppose -p - 4*n + 4 = 0, -p - 2 + 4 = 5*n. What is the tens digit of p?
1
Suppose 0 = -5*r + 2*r + 309. What is the tens digit of r?
0
Let f = -31 - -46. What is the tens digit of f?
1
Let p be (1 + 1/(-2))*-24. Suppose 3*q - 3*c + 20 = -34, 4*q + 4*c + 64 = 0. Let d = p - q. What is the units digit of d?
5
Let i(q) = q**3 - 4*q**2 + 4*q + 6. What is the tens digit of i(5)?
5
Let h be (2 - 3 - -1) + 4. Let i = 3 + h. Suppose 3*y - 14 = -n + i*y, 5*n - 2*y - 52 = 0. What is the units digit of n?
0
Let f(o) = -o**3 - 9*o**2 - 2*o + 9. Let q(h) = h - 1. Let t(d) = f(d) + 2*q(d). 